{"id":169,"date":"2022-02-17T14:24:06","date_gmt":"2022-02-17T13:24:06","guid":{"rendered":"http:\/\/www.doktorakustik.de\/?page_id=169"},"modified":"2022-02-23T22:27:33","modified_gmt":"2022-02-23T21:27:33","slug":"impressum","status":"publish","type":"page","link":"https:\/\/www.doktorakustik.de\/?page_id=169","title":{"rendered":"Impressum"},"content":{"rendered":"\n<h2 class=\"wp-block-heading\" id=\"block-c0467c9a-cc91-4ac9-9f44-fb6f1c5cb067\">Impressum gem\u00e4\u00df \u00a7 5 TMG<\/h2>\n\n\n\n<p><\/p>\n\n\n\n<p id=\"block-e53d7f2f-77a7-4d10-a9f1-424427680caf\">Doktor Akustik ist ein Service von<br><a rel=\"noreferrer noopener\" href=\"http:\/\/www.auriakustik.de\" target=\"_blank\">Auri Akustik &#8211; Dr.-Ing. Benedikt Kohout<\/a><\/p>\n\n\n\n<p id=\"block-0b277f16-2bc4-40ff-a04b-73f163617b93\">Inhaber: Dr.-Ing. Benedikt Kohout<br>Wiesenstra\u00dfe 49<br>76661 Philippsburg<\/p>\n\n\n\n<p id=\"block-72342b09-84b5-4ae4-89bb-67f7a687ae05\"><strong>Kontakt:<\/strong><br>Telefon: 0049 (0)7256-8029713<br>E-Mail: <a href=\"mailto:info@doktorakustik.de\">info@doktorakustik.de<\/a><\/p>\n\n\n\n<p id=\"block-4ccccfbd-5378-45b6-b07b-7a62e5aa5f31\"><strong>Umsatzsteuer-ID:<\/strong><br>Umsatzsteuer-Identifikationsnummer gem\u00e4\u00df \u00a727a Umsatzsteuergesetz: DE300892649<\/p>\n\n\n\n<p id=\"block-91b9d78c-9b91-44ca-a416-a58507600ed7\"><strong>Online-Streitbeilegung gem\u00e4\u00df Art. 14 Abs. 1 ODR-VO:<\/strong><br>Die Europ\u00e4ische Kommission stellt eine Plattform zur Online-Streitbeilegung (OS) bereit, die Sie hier finden <a href=\"http:\/\/ec.europa.eu\/consumers\/odr\/\" target=\"_blank\" rel=\"noreferrer noopener\">http:\/\/ec.europa.eu\/consumers\/odr\/<\/a>.<br>Zur Teilnahme an einem Streitbeilegungsverfahren vor einer Verbraucherschlichtungsstelle sind wir nicht verpflichtet und nicht bereit.<\/p>\n","protected":false},"excerpt":{"rendered":"<p>Impressum gem\u00e4\u00df \u00a7 5 TMG Doktor Akustik ist ein Service vonAuri Akustik &#8211; Dr.-Ing. Benedikt Kohout Inhaber: Dr.-Ing. Benedikt KohoutWiesenstra\u00dfe 4976661 Philippsburg Kontakt:Telefon: 0049 (0)7256-8029713E-Mail: info@doktorakustik.de Umsatzsteuer-ID:Umsatzsteuer-Identifikationsnummer gem\u00e4\u00df \u00a727a Umsatzsteuergesetz: DE300892649 Online-Streitbeilegung gem\u00e4\u00df Art. 14 Abs. 1 ODR-VO:Die Europ\u00e4ische Kommission stellt eine Plattform zur Online-Streitbeilegung (OS) bereit, die Sie hier finden http:\/\/ec.europa.eu\/consumers\/odr\/.Zur Teilnahme an einem [&hellip;]<\/p>\n","protected":false},"author":1,"featured_media":0,"parent":0,"menu_order":0,"comment_status":"closed","ping_status":"closed","template":"","meta":{"footnotes":""},"class_list":["post-169","page","type-page","status-publish","hentry"],"yoast_head":"<!-- This site is optimized with the Yoast SEO plugin v27.5 - https:\/\/yoast.com\/product\/yoast-seo-wordpress\/ -->\n<title>Impressum - DoktorAkustik.de<\/title>\n<meta name=\"robots\" content=\"index, follow, max-snippet:-1, max-image-preview:large, max-video-preview:-1\" \/>\n<link rel=\"canonical\" href=\"https:\/\/www.doktorakustik.de\/?page_id=169\" \/>\n<meta property=\"og:locale\" content=\"de_DE\" \/>\n<meta property=\"og:type\" content=\"article\" \/>\n<meta property=\"og:title\" content=\"Impressum - DoktorAkustik.de\" \/>\n<meta property=\"og:description\" content=\"Impressum gem\u00e4\u00df \u00a7 5 TMG Doktor Akustik ist ein Service vonAuri Akustik &#8211; Dr.-Ing. Benedikt Kohout Inhaber: Dr.-Ing. Benedikt KohoutWiesenstra\u00dfe 4976661 Philippsburg Kontakt:Telefon: 0049 (0)7256-8029713E-Mail: info@doktorakustik.de Umsatzsteuer-ID:Umsatzsteuer-Identifikationsnummer gem\u00e4\u00df \u00a727a Umsatzsteuergesetz: DE300892649 Online-Streitbeilegung gem\u00e4\u00df Art. 14 Abs. 1 ODR-VO:Die Europ\u00e4ische Kommission stellt eine Plattform zur Online-Streitbeilegung (OS) bereit, die Sie hier finden http:\/\/ec.europa.eu\/consumers\/odr\/.Zur Teilnahme an einem [&hellip;]\" \/>\n<meta property=\"og:url\" content=\"https:\/\/www.doktorakustik.de\/?page_id=169\" \/>\n<meta property=\"og:site_name\" content=\"DoktorAkustik.de\" \/>\n<meta property=\"article:modified_time\" content=\"2022-02-23T21:27:33+00:00\" \/>\n<meta name=\"twitter:card\" content=\"summary_large_image\" \/>\n<script type=\"application\/ld+json\" class=\"yoast-schema-graph\">{\"@context\":\"https:\\\/\\\/schema.org\",\"@graph\":[{\"@type\":\"WebPage\",\"@id\":\"https:\\\/\\\/www.doktorakustik.de\\\/?page_id=169\",\"url\":\"https:\\\/\\\/www.doktorakustik.de\\\/?page_id=169\",\"name\":\"Impressum - DoktorAkustik.de\",\"isPartOf\":{\"@id\":\"https:\\\/\\\/www.doktorakustik.de\\\/#website\"},\"datePublished\":\"2022-02-17T13:24:06+00:00\",\"dateModified\":\"2022-02-23T21:27:33+00:00\",\"breadcrumb\":{\"@id\":\"https:\\\/\\\/www.doktorakustik.de\\\/?page_id=169#breadcrumb\"},\"inLanguage\":\"de\",\"potentialAction\":[{\"@type\":\"ReadAction\",\"target\":[\"https:\\\/\\\/www.doktorakustik.de\\\/?page_id=169\"]}]},{\"@type\":\"BreadcrumbList\",\"@id\":\"https:\\\/\\\/www.doktorakustik.de\\\/?page_id=169#breadcrumb\",\"itemListElement\":[{\"@type\":\"ListItem\",\"position\":1,\"name\":\"Startseite\",\"item\":\"https:\\\/\\\/www.doktorakustik.de\\\/\"},{\"@type\":\"ListItem\",\"position\":2,\"name\":\"Impressum\"}]},{\"@type\":\"WebSite\",\"@id\":\"https:\\\/\\\/www.doktorakustik.de\\\/#website\",\"url\":\"https:\\\/\\\/www.doktorakustik.de\\\/\",\"name\":\"DoktorAkustik.de\",\"description\":\"Raumakustik online Beratung\",\"publisher\":{\"@id\":\"https:\\\/\\\/www.doktorakustik.de\\\/#organization\"},\"potentialAction\":[{\"@type\":\"SearchAction\",\"target\":{\"@type\":\"EntryPoint\",\"urlTemplate\":\"https:\\\/\\\/www.doktorakustik.de\\\/?s={search_term_string}\"},\"query-input\":{\"@type\":\"PropertyValueSpecification\",\"valueRequired\":true,\"valueName\":\"search_term_string\"}}],\"inLanguage\":\"de\"},{\"@type\":\"Organization\",\"@id\":\"https:\\\/\\\/www.doktorakustik.de\\\/#organization\",\"name\":\"DoktorAkustik.de\",\"url\":\"https:\\\/\\\/www.doktorakustik.de\\\/\",\"logo\":{\"@type\":\"ImageObject\",\"inLanguage\":\"de\",\"@id\":\"https:\\\/\\\/www.doktorakustik.de\\\/#\\\/schema\\\/logo\\\/image\\\/\",\"url\":\"https:\\\/\\\/www.doktorakustik.de\\\/wp-content\\\/uploads\\\/2022\\\/02\\\/AURI-LOGO-Feuerwasser2019-PNG-e1645446488822.png\",\"contentUrl\":\"https:\\\/\\\/www.doktorakustik.de\\\/wp-content\\\/uploads\\\/2022\\\/02\\\/AURI-LOGO-Feuerwasser2019-PNG-e1645446488822.png\",\"width\":336,\"height\":336,\"caption\":\"DoktorAkustik.de\"},\"image\":{\"@id\":\"https:\\\/\\\/www.doktorakustik.de\\\/#\\\/schema\\\/logo\\\/image\\\/\"}}]}<\/script>\n<!-- \/ Yoast SEO plugin. -->","yoast_head_json":{"title":"Impressum - DoktorAkustik.de","robots":{"index":"index","follow":"follow","max-snippet":"max-snippet:-1","max-image-preview":"max-image-preview:large","max-video-preview":"max-video-preview:-1"},"canonical":"https:\/\/www.doktorakustik.de\/?page_id=169","og_locale":"de_DE","og_type":"article","og_title":"Impressum - DoktorAkustik.de","og_description":"Impressum gem\u00e4\u00df \u00a7 5 TMG Doktor Akustik ist ein Service vonAuri Akustik &#8211; Dr.-Ing. Benedikt Kohout Inhaber: Dr.-Ing. Benedikt KohoutWiesenstra\u00dfe 4976661 Philippsburg Kontakt:Telefon: 0049 (0)7256-8029713E-Mail: info@doktorakustik.de Umsatzsteuer-ID:Umsatzsteuer-Identifikationsnummer gem\u00e4\u00df \u00a727a Umsatzsteuergesetz: DE300892649 Online-Streitbeilegung gem\u00e4\u00df Art. 14 Abs. 1 ODR-VO:Die Europ\u00e4ische Kommission stellt eine Plattform zur Online-Streitbeilegung (OS) bereit, die Sie hier finden http:\/\/ec.europa.eu\/consumers\/odr\/.Zur Teilnahme an einem [&hellip;]","og_url":"https:\/\/www.doktorakustik.de\/?page_id=169","og_site_name":"DoktorAkustik.de","article_modified_time":"2022-02-23T21:27:33+00:00","twitter_card":"summary_large_image","schema":{"@context":"https:\/\/schema.org","@graph":[{"@type":"WebPage","@id":"https:\/\/www.doktorakustik.de\/?page_id=169","url":"https:\/\/www.doktorakustik.de\/?page_id=169","name":"Impressum - DoktorAkustik.de","isPartOf":{"@id":"https:\/\/www.doktorakustik.de\/#website"},"datePublished":"2022-02-17T13:24:06+00:00","dateModified":"2022-02-23T21:27:33+00:00","breadcrumb":{"@id":"https:\/\/www.doktorakustik.de\/?page_id=169#breadcrumb"},"inLanguage":"de","potentialAction":[{"@type":"ReadAction","target":["https:\/\/www.doktorakustik.de\/?page_id=169"]}]},{"@type":"BreadcrumbList","@id":"https:\/\/www.doktorakustik.de\/?page_id=169#breadcrumb","itemListElement":[{"@type":"ListItem","position":1,"name":"Startseite","item":"https:\/\/www.doktorakustik.de\/"},{"@type":"ListItem","position":2,"name":"Impressum"}]},{"@type":"WebSite","@id":"https:\/\/www.doktorakustik.de\/#website","url":"https:\/\/www.doktorakustik.de\/","name":"DoktorAkustik.de","description":"Raumakustik online Beratung","publisher":{"@id":"https:\/\/www.doktorakustik.de\/#organization"},"potentialAction":[{"@type":"SearchAction","target":{"@type":"EntryPoint","urlTemplate":"https:\/\/www.doktorakustik.de\/?s={search_term_string}"},"query-input":{"@type":"PropertyValueSpecification","valueRequired":true,"valueName":"search_term_string"}}],"inLanguage":"de"},{"@type":"Organization","@id":"https:\/\/www.doktorakustik.de\/#organization","name":"DoktorAkustik.de","url":"https:\/\/www.doktorakustik.de\/","logo":{"@type":"ImageObject","inLanguage":"de","@id":"https:\/\/www.doktorakustik.de\/#\/schema\/logo\/image\/","url":"https:\/\/www.doktorakustik.de\/wp-content\/uploads\/2022\/02\/AURI-LOGO-Feuerwasser2019-PNG-e1645446488822.png","contentUrl":"https:\/\/www.doktorakustik.de\/wp-content\/uploads\/2022\/02\/AURI-LOGO-Feuerwasser2019-PNG-e1645446488822.png","width":336,"height":336,"caption":"DoktorAkustik.de"},"image":{"@id":"https:\/\/www.doktorakustik.de\/#\/schema\/logo\/image\/"}}]}},"_links":{"self":[{"href":"https:\/\/www.doktorakustik.de\/index.php?rest_route=\/wp\/v2\/pages\/169","targetHints":{"allow":["GET"]}}],"collection":[{"href":"https:\/\/www.doktorakustik.de\/index.php?rest_route=\/wp\/v2\/pages"}],"about":[{"href":"https:\/\/www.doktorakustik.de\/index.php?rest_route=\/wp\/v2\/types\/page"}],"author":[{"embeddable":true,"href":"https:\/\/www.doktorakustik.de\/index.php?rest_route=\/wp\/v2\/users\/1"}],"replies":[{"embeddable":true,"href":"https:\/\/www.doktorakustik.de\/index.php?rest_route=%2Fwp%2Fv2%2Fcomments&post=169"}],"version-history":[{"count":7,"href":"https:\/\/www.doktorakustik.de\/index.php?rest_route=\/wp\/v2\/pages\/169\/revisions"}],"predecessor-version":[{"id":706,"href":"https:\/\/www.doktorakustik.de\/index.php?rest_route=\/wp\/v2\/pages\/169\/revisions\/706"}],"wp:attachment":[{"href":"https:\/\/www.doktorakustik.de\/index.php?rest_route=%2Fwp%2Fv2%2Fmedia&parent=169"}],"curies":[{"name":"wp","href":"https:\/\/api.w.org\/{rel}","templated":true}]}}